{"id":3225,"date":"2024-07-27T11:19:06","date_gmt":"2024-07-27T03:19:06","guid":{"rendered":"http:\/\/www.enruige.cn\/?post_type=product&#038;p=3225"},"modified":"2026-03-30T11:34:25","modified_gmt":"2026-03-30T03:34:25","slug":"%e5%a5%94%e9%a9%b0-%e5%a8%81%e9%9c%86","status":"publish","type":"product","link":"https:\/\/www.enruige.cn\/?product=%e5%a5%94%e9%a9%b0-%e5%a8%81%e9%9c%86","title":{"rendered":"Mercedes-Benz Vito [W447] &#8211; *TAILGATE LIFT ONLY*"},"content":{"rendered":"<p><img fetchpriority=\"high\" decoding=\"async\" class=\"alignnone size-full wp-image-3227\" src=\"http:\/\/www.enruige.cn\/wp-content\/uploads\/2024\/07\/DSC_0176-2.jpg\" alt=\"\" width=\"800\" height=\"800\" srcset=\"https:\/\/www.enruige.cn\/wp-content\/uploads\/2024\/07\/DSC_0176-2.jpg 800w, https:\/\/www.enruige.cn\/wp-content\/uploads\/2024\/07\/DSC_0176-2-300x300.jpg 300w, https:\/\/www.enruige.cn\/wp-content\/uploads\/2024\/07\/DSC_0176-2-150x150.jpg 150w, https:\/\/www.enruige.cn\/wp-content\/uploads\/2024\/07\/DSC_0176-2-768x768.jpg 768w, https:\/\/www.enruige.cn\/wp-content\/uploads\/2024\/07\/DSC_0176-2-100x100.jpg 100w\" sizes=\"(max-width: 800px) 100vw, 800px\" \/> <img decoding=\"async\" class=\"alignnone size-full wp-image-3234\" src=\"http:\/\/www.enruige.cn\/wp-content\/uploads\/2024\/07\/\u5355\u72ec-3.jpg\" alt=\"\" width=\"800\" height=\"800\" srcset=\"https:\/\/www.enruige.cn\/wp-content\/uploads\/2024\/07\/\u5355\u72ec-3.jpg 800w, https:\/\/www.enruige.cn\/wp-content\/uploads\/2024\/07\/\u5355\u72ec-3-300x300.jpg 300w, https:\/\/www.enruige.cn\/wp-content\/uploads\/2024\/07\/\u5355\u72ec-3-150x150.jpg 150w, https:\/\/www.enruige.cn\/wp-content\/uploads\/2024\/07\/\u5355\u72ec-3-768x768.jpg 768w, https:\/\/www.enruige.cn\/wp-content\/uploads\/2024\/07\/\u5355\u72ec-3-100x100.jpg 100w\" sizes=\"(max-width: 800px) 100vw, 800px\" \/> <img decoding=\"async\" class=\"alignnone size-full wp-image-3236\" src=\"http:\/\/www.enruige.cn\/wp-content\/uploads\/2024\/07\/\u56fe\u5f621-28.jpg\" alt=\"\" width=\"800\" height=\"800\" srcset=\"https:\/\/www.enruige.cn\/wp-content\/uploads\/2024\/07\/\u56fe\u5f621-28.jpg 800w, https:\/\/www.enruige.cn\/wp-content\/uploads\/2024\/07\/\u56fe\u5f621-28-300x300.jpg 300w, https:\/\/www.enruige.cn\/wp-content\/uploads\/2024\/07\/\u56fe\u5f621-28-150x150.jpg 150w, https:\/\/www.enruige.cn\/wp-content\/uploads\/2024\/07\/\u56fe\u5f621-28-768x768.jpg 768w, https:\/\/www.enruige.cn\/wp-content\/uploads\/2024\/07\/\u56fe\u5f621-28-100x100.jpg 100w\" sizes=\"(max-width: 800px) 100vw, 800px\" \/> <img loading=\"lazy\" decoding=\"async\" class=\"alignnone size-full wp-image-3226\" src=\"http:\/\/www.enruige.cn\/wp-content\/uploads\/2024\/07\/7-22.jpg\" alt=\"\" width=\"800\" height=\"800\" srcset=\"https:\/\/www.enruige.cn\/wp-content\/uploads\/2024\/07\/7-22.jpg 800w, https:\/\/www.enruige.cn\/wp-content\/uploads\/2024\/07\/7-22-300x300.jpg 300w, https:\/\/www.enruige.cn\/wp-content\/uploads\/2024\/07\/7-22-150x150.jpg 150w, https:\/\/www.enruige.cn\/wp-content\/uploads\/2024\/07\/7-22-768x768.jpg 768w, https:\/\/www.enruige.cn\/wp-content\/uploads\/2024\/07\/7-22-100x100.jpg 100w\" sizes=\"(max-width: 800px) 100vw, 800px\" \/> <img loading=\"lazy\" decoding=\"async\" class=\"alignnone size-full wp-image-3235\" src=\"http:\/\/www.enruige.cn\/wp-content\/uploads\/2024\/07\/\u9632\u6c34-22.jpg\" alt=\"\" width=\"800\" height=\"800\" srcset=\"https:\/\/www.enruige.cn\/wp-content\/uploads\/2024\/07\/\u9632\u6c34-22.jpg 800w, https:\/\/www.enruige.cn\/wp-content\/uploads\/2024\/07\/\u9632\u6c34-22-300x300.jpg 300w, https:\/\/www.enruige.cn\/wp-content\/uploads\/2024\/07\/\u9632\u6c34-22-150x150.jpg 150w, https:\/\/www.enruige.cn\/wp-content\/uploads\/2024\/07\/\u9632\u6c34-22-768x768.jpg 768w, https:\/\/www.enruige.cn\/wp-content\/uploads\/2024\/07\/\u9632\u6c34-22-100x100.jpg 100w\" sizes=\"(max-width: 800px) 100vw, 800px\" \/> <img loading=\"lazy\" decoding=\"async\" class=\"alignnone size-full wp-image-3233\" src=\"http:\/\/www.enruige.cn\/wp-content\/uploads\/2024\/07\/DSC_0210.jpg\" alt=\"\" width=\"800\" height=\"800\" srcset=\"https:\/\/www.enruige.cn\/wp-content\/uploads\/2024\/07\/DSC_0210.jpg 800w, https:\/\/www.enruige.cn\/wp-content\/uploads\/2024\/07\/DSC_0210-300x300.jpg 300w, https:\/\/www.enruige.cn\/wp-content\/uploads\/2024\/07\/DSC_0210-150x150.jpg 150w, https:\/\/www.enruige.cn\/wp-content\/uploads\/2024\/07\/DSC_0210-768x768.jpg 768w, https:\/\/www.enruige.cn\/wp-content\/uploads\/2024\/07\/DSC_0210-100x100.jpg 100w\" sizes=\"(max-width: 800px) 100vw, 800px\" \/> <img loading=\"lazy\" decoding=\"async\" class=\"alignnone size-full wp-image-3232\" src=\"http:\/\/www.enruige.cn\/wp-content\/uploads\/2024\/07\/DSC_0182-2.jpg\" alt=\"\" width=\"800\" height=\"800\" srcset=\"https:\/\/www.enruige.cn\/wp-content\/uploads\/2024\/07\/DSC_0182-2.jpg 800w, https:\/\/www.enruige.cn\/wp-content\/uploads\/2024\/07\/DSC_0182-2-300x300.jpg 300w, https:\/\/www.enruige.cn\/wp-content\/uploads\/2024\/07\/DSC_0182-2-150x150.jpg 150w, https:\/\/www.enruige.cn\/wp-content\/uploads\/2024\/07\/DSC_0182-2-768x768.jpg 768w, https:\/\/www.enruige.cn\/wp-content\/uploads\/2024\/07\/DSC_0182-2-100x100.jpg 100w\" sizes=\"(max-width: 800px) 100vw, 800px\" \/> <img loading=\"lazy\" decoding=\"async\" class=\"alignnone size-full wp-image-3231\" src=\"http:\/\/www.enruige.cn\/wp-content\/uploads\/2024\/07\/DSC_0181-1.jpg\" alt=\"\" width=\"800\" height=\"800\" srcset=\"https:\/\/www.enruige.cn\/wp-content\/uploads\/2024\/07\/DSC_0181-1.jpg 800w, https:\/\/www.enruige.cn\/wp-content\/uploads\/2024\/07\/DSC_0181-1-300x300.jpg 300w, https:\/\/www.enruige.cn\/wp-content\/uploads\/2024\/07\/DSC_0181-1-150x150.jpg 150w, https:\/\/www.enruige.cn\/wp-content\/uploads\/2024\/07\/DSC_0181-1-768x768.jpg 768w, https:\/\/www.enruige.cn\/wp-content\/uploads\/2024\/07\/DSC_0181-1-100x100.jpg 100w\" sizes=\"(max-width: 800px) 100vw, 800px\" \/> <img loading=\"lazy\" decoding=\"async\" class=\"alignnone size-full wp-image-3230\" src=\"http:\/\/www.enruige.cn\/wp-content\/uploads\/2024\/07\/DSC_0180.jpg\" alt=\"\" width=\"800\" height=\"800\" srcset=\"https:\/\/www.enruige.cn\/wp-content\/uploads\/2024\/07\/DSC_0180.jpg 800w, https:\/\/www.enruige.cn\/wp-content\/uploads\/2024\/07\/DSC_0180-300x300.jpg 300w, https:\/\/www.enruige.cn\/wp-content\/uploads\/2024\/07\/DSC_0180-150x150.jpg 150w, https:\/\/www.enruige.cn\/wp-content\/uploads\/2024\/07\/DSC_0180-768x768.jpg 768w, https:\/\/www.enruige.cn\/wp-content\/uploads\/2024\/07\/DSC_0180-100x100.jpg 100w\" sizes=\"(max-width: 800px) 100vw, 800px\" \/> <img loading=\"lazy\" decoding=\"async\" class=\"alignnone size-full wp-image-3228\" src=\"http:\/\/www.enruige.cn\/wp-content\/uploads\/2024\/07\/DSC_0177-1.jpg\" alt=\"\" width=\"800\" height=\"800\" srcset=\"https:\/\/www.enruige.cn\/wp-content\/uploads\/2024\/07\/DSC_0177-1.jpg 800w, https:\/\/www.enruige.cn\/wp-content\/uploads\/2024\/07\/DSC_0177-1-300x300.jpg 300w, https:\/\/www.enruige.cn\/wp-content\/uploads\/2024\/07\/DSC_0177-1-150x150.jpg 150w, https:\/\/www.enruige.cn\/wp-content\/uploads\/2024\/07\/DSC_0177-1-768x768.jpg 768w, https:\/\/www.enruige.cn\/wp-content\/uploads\/2024\/07\/DSC_0177-1-100x100.jpg 100w\" sizes=\"(max-width: 800px) 100vw, 800px\" \/> <img loading=\"lazy\" decoding=\"async\" class=\"alignnone size-full wp-image-3229\" src=\"http:\/\/www.enruige.cn\/wp-content\/uploads\/2024\/07\/DSC_0178.jpg\" alt=\"\" width=\"800\" height=\"800\" srcset=\"https:\/\/www.enruige.cn\/wp-content\/uploads\/2024\/07\/DSC_0178.jpg 800w, https:\/\/www.enruige.cn\/wp-content\/uploads\/2024\/07\/DSC_0178-300x300.jpg 300w, https:\/\/www.enruige.cn\/wp-content\/uploads\/2024\/07\/DSC_0178-150x150.jpg 150w, https:\/\/www.enruige.cn\/wp-content\/uploads\/2024\/07\/DSC_0178-768x768.jpg 768w, https:\/\/www.enruige.cn\/wp-content\/uploads\/2024\/07\/DSC_0178-100x100.jpg 100w\" sizes=\"(max-width: 800px) 100vw, 800px\" \/><\/p>\n","protected":false},"excerpt":{"rendered":"<p>Image Sensor: 1\/3&#8243; CMOS; 1\/2.7&#8243; CMOS (optional)<br \/>\nEffective Pixels: 733(H) \u00d7 493(V); 1280(H) \u00d7 720(V); 1920(H) \u00d7 1080(V)<br \/>\nResolution: CVBS, 720P, 1080P<br \/>\nVideo System: NTSC \/ PAL switchable<br \/>\nGuidelines: On\/Off switchable<br \/>\nNight Vision Distance: Approx. 35ft<br \/>\nHorizontal Viewing Angle: 120\u00b0<br \/>\nWaterproof Rating: IP68<br \/>\nS\/N Ratio: &gt;48dB<br \/>\nCurrent Consumption: &lt;150mA<br \/>\nMinimum Illumination: 0.1Lux<br \/>\nPower Supply: DC 12V<br \/>\nOperating Temperature: -20\u2103 to +70\u2103<\/p>\n","protected":false},"featured_media":3227,"template":"","meta":{"site-sidebar-layout":"right-sidebar","site-content-layout":"","ast-site-content-layout":"default","site-content-style":"default","site-sidebar-style":"default","ast-global-header-display":"","ast-banner-title-visibility":"","ast-main-header-display":"","ast-hfb-above-header-display":"","ast-hfb-below-header-display":"","ast-hfb-mobile-header-display":"","site-post-title":"","ast-breadcrumbs-content":"","ast-featured-img":"","footer-sml-layout":"","ast-disable-related-posts":"","theme-transparent-header-meta":"default","adv-header-id-meta":"","stick-header-meta":"default","header-above-stick-meta":"","header-main-stick-meta":"","header-below-stick-meta":"","astra-migrate-meta-layouts":"set","ast-page-background-enabled":"default","ast-page-background-meta":{"desktop":{"background-color":"var(--ast-global-color-4)","background-image":"","background-repeat":"repeat","background-position":"center center","background-size":"auto","background-attachment":"scroll","background-type":"","background-media":"","overlay-type":"","overlay-color":"","overlay-opacity":"","overlay-gradient":""},"tablet":{"background-color":"","background-image":"","background-repeat":"repeat","background-position":"center center","background-size":"auto","background-attachment":"scroll","background-type":"","background-media":"","overlay-type":"","overlay-color":"","overlay-opacity":"","overlay-gradient":""},"mobile":{"background-color":"","background-image":"","background-repeat":"repeat","background-position":"center center","background-size":"auto","background-attachment":"scroll","background-type":"","background-media":"","overlay-type":"","overlay-color":"","overlay-opacity":"","overlay-gradient":""}},"ast-content-background-meta":{"desktop":{"background-color":"var(--ast-global-color-5)","background-image":"","background-repeat":"repeat","background-position":"center center","background-size":"auto","background-attachment":"scroll","background-type":"","background-media":"","overlay-type":"","overlay-color":"","overlay-opacity":"","overlay-gradient":""},"tablet":{"background-color":"var(--ast-global-color-5)","background-image":"","background-repeat":"repeat","background-position":"center center","background-size":"auto","background-attachment":"scroll","background-type":"","background-media":"","overlay-type":"","overlay-color":"","overlay-opacity":"","overlay-gradient":""},"mobile":{"background-color":"var(--ast-global-color-5)","background-image":"","background-repeat":"repeat","background-position":"center center","background-size":"auto","background-attachment":"scroll","background-type":"","background-media":"","overlay-type":"","overlay-color":"","overlay-opacity":"","overlay-gradient":""}}},"product_brand":[],"product_cat":[46],"product_tag":[],"class_list":{"0":"post-3225","1":"product","2":"type-product","3":"status-publish","4":"has-post-thumbnail","6":"product_cat-brake-light-cameras","7":"desktop-align-left","8":"tablet-align-left","9":"mobile-align-left","10":"ast-product-gallery-layout-horizontal-slider","11":"ast-product-tabs-layout-horizontal","13":"first","14":"instock","15":"shipping-taxable","16":"product-type-simple"},"jetpack_sharing_enabled":true,"_links":{"self":[{"href":"https:\/\/www.enruige.cn\/index.php?rest_route=\/wp\/v2\/product\/3225","targetHints":{"allow":["GET"]}}],"collection":[{"href":"https:\/\/www.enruige.cn\/index.php?rest_route=\/wp\/v2\/product"}],"about":[{"href":"https:\/\/www.enruige.cn\/index.php?rest_route=\/wp\/v2\/types\/product"}],"version-history":[{"count":3,"href":"https:\/\/www.enruige.cn\/index.php?rest_route=\/wp\/v2\/product\/3225\/revisions"}],"predecessor-version":[{"id":6227,"href":"https:\/\/www.enruige.cn\/index.php?rest_route=\/wp\/v2\/product\/3225\/revisions\/6227"}],"wp:featuredmedia":[{"embeddable":true,"href":"https:\/\/www.enruige.cn\/index.php?rest_route=\/wp\/v2\/media\/3227"}],"wp:attachment":[{"href":"https:\/\/www.enruige.cn\/index.php?rest_route=%2Fwp%2Fv2%2Fmedia&parent=3225"}],"wp:term":[{"taxonomy":"product_brand","embeddable":true,"href":"https:\/\/www.enruige.cn\/index.php?rest_route=%2Fwp%2Fv2%2Fproduct_brand&post=3225"},{"taxonomy":"product_cat","embeddable":true,"href":"https:\/\/www.enruige.cn\/index.php?rest_route=%2Fwp%2Fv2%2Fproduct_cat&post=3225"},{"taxonomy":"product_tag","embeddable":true,"href":"https:\/\/www.enruige.cn\/index.php?rest_route=%2Fwp%2Fv2%2Fproduct_tag&post=3225"}],"curies":[{"name":"wp","href":"https:\/\/api.w.org\/{rel}","templated":true}]}}